{"id":2571,"date":"2023-02-16T14:24:54","date_gmt":"2023-02-16T14:24:54","guid":{"rendered":"https:\/\/preview.codeless.co\/converta\/default\/?page_id=3"},"modified":"2025-11-20T11:37:21","modified_gmt":"2025-11-20T17:37:21","slug":"privacy-policy","status":"publish","type":"page","link":"https:\/\/www.omnisoft.com.mx\/cms\/aviso-privacidad\/","title":{"rendered":"Aviso de Privacidad"},"content":{"rendered":"\t\t<div data-elementor-type=\"wp-page\" data-elementor-id=\"2571\" class=\"elementor elementor-2571\">\n\t\t\t\t<div class=\"elementor-element elementor-element-2a71212b e-flex e-con-boxed e-con e-parent\" data-id=\"2a71212b\" data-element_type=\"container\">\n\t\t\t\t\t<div class=\"e-con-inner\">\n\t\t\t\t<div class=\"elementor-element elementor-element-3d8299a elementor-widget elementor-widget-html\" data-id=\"3d8299a\" data-element_type=\"widget\" data-widget_type=\"html.default\">\n\t\t\t\t<div class=\"elementor-widget-container\">\n\t\t\t\t\t<h1>Aviso de Privacidad<\/h1>\n<p>OmniSoft Technologies S. de R.L., y\/o cualquiera de sus subsidiarias y\/o afiliadas (OMNISOFT), con domicilio en Vasco de Gama 320, Colonia Centro, Aguascalientes, Aguascalientes, M\u00e9xico. C.P. 20000, en cumplimiento a lo establecido por la Ley Federal de Protecci\u00f3n de Datos personales en Posesi\u00f3n de los Particulares (Ley) y con la finalidad de garantizar la privacidad y el derecho a la autodeterminaci\u00f3n informativa de sus clientes y usuarios, hace de su conocimiento la pol\u00edtica de privacidad y manejo de datos personales.<\/p>\n<h2>I. Recolecci\u00f3n de datos<\/h2>\n<p>1. El uso de cualquiera de los servicios, productos o sitios web propiedad de OMNISOFT por parte de cualquier persona le concede la calidad de Usuario y\/o Cliente.<\/p>\n<p>2. <b>Datos Personales<\/b>. En la prestaci\u00f3n de servicios o para el otorgamiento de licencias o uso de sus productos de software, OMNISOFT requerir\u00e1 a sus clientes s\u00f3lo los datos personales relacionados a sus productos y\/o servicios, por lo que no recopilar\u00e1 informaci\u00f3n con fines distintos a los establecidos, estos datos podr\u00e1n ser de identificaci\u00f3n y\/o financieros y\/o profesionales proporcionados por usted de manera directa o por cualquier medio de contacto y\/o foro p\u00fablico de conexi\u00f3n en l\u00ednea relacionados con los productos y\/o servicios que presta OMNISOFT, destacando los siguientes:<\/p>\n<ul>\n    <li>Nombre<\/li>\n    <li>Registro Federal de Contribuyentes (RFC).<\/li>\n    <li>Domicilio.<\/li>\n    <li>Tel\u00e9fono particular.<\/li>\n    <li>Correo electr\u00f3nico.<\/li>\n    <li>Datos de identificaci\u00f3n.<\/li>\n<\/ul>\n<p>3. Con los fines se\u00f1alados en este aviso de privacidad, podemos recabar sus datos personales de distintas formas: juntas virtuales o presenciales con el fin de entender sus necesidades y como parte de nuestro proceso de consultor\u00eda, durante el proceso de registro, proceso de compra de productos o suscripciones, inscripci\u00f3n a alguna promoci\u00f3n o programa o cuando nos lo proporcione directamente.<\/p>\n<p>As\u00ed mismo, OMNISOFT podr\u00e1 recopilar informaci\u00f3n adicional a trav\u00e9s de sus portales y\/o productos de software la cual ser\u00e1 necesaria para poder ofrecer ciertas funcionalidades o caracter\u00edsticas para las cuales es indispensable contar con dicha informaci\u00f3n, en el entendido que ser\u00e1 el usuario quien deber\u00e1 proporcionar dicha informaci\u00f3n de manera voluntaria en caso de querer utilizarlas.<\/p>\n<p>Es decir, toda informaci\u00f3n personal que el usuario haya proporcionado a OMNISOFT de manera directa por medio de este sitio, aquella informaci\u00f3n personal proporcionada por el usuario a OMNISOFT al momento de utilizar nuestros servicios en l\u00ednea o al momento de instalar nuestros productos de software o cuando OMNISOFT obtiene la informaci\u00f3n personal del usuario l\u00edcitamente por cualquier otro medio o fuentes permitidas por la ley, ser\u00e1n utilizados con las siguientes finalidades:<\/p>\n<ul>\n    <li>Proveer servicios y productos requeridos en el sitio,<\/li>\n    <li>informar sobre nuevos productos o servicios que est\u00e9n relacionados con el contratado o adquirido por el usuario,<\/li>\n    <li>dar cumplimiento con obligaciones contra\u00eddas con el usuario,<\/li>\n    <li>realizar estudios internos sobre h\u00e1bitos de consumo,<\/li>\n    <li>promover los productos y servicios que OMNISOFT ofrece,<\/li>\n    <li>informarle sobre cambios en los mismos para fines publicitarios, promocionales, telemarketing, operaciones,<\/li>\n    <li>administraci\u00f3n del sitio web de OMNISOFT,<\/li>\n    <li>administraci\u00f3n de los servicios de OMNISOFT,<\/li>\n    <li>desarrollo de nuevos productos y servicios,<\/li>\n    <li>encuestas de calidad del servicio o de productos contratados por el usuario y satisfacci\u00f3n del usuario,<\/li>\n    <li>an\u00e1lisis de uso de productos, servicios y sitio web, para el env\u00edo de avisos acerca de productos y servicios operados por OMNISOFT y\/o por sus afiliadas, subsidiarias y\/o por sus socios de negocio;<\/li>\n    <li>cuando la ley o alguna autoridad lo requiera,<\/li>\n    <li>para solicitarle actualizaci\u00f3n de sus datos y documentos de identificaci\u00f3n,<\/li>\n    <li>y en general para hacer cumplir nuestros t\u00e9rminos, condiciones y la operaci\u00f3n, funcionamiento y administraci\u00f3n de nuestros negocios.<\/li>\n<\/ul>\n\n<\/p>4. El concepto de \"datos personales\" en este aviso de privacidad se refiere a toda aquella informaci\u00f3n de car\u00e1cter personal que pueda ser usada para la identificaci\u00f3n del Usuario.<\/p>\n\n<h2>II. Uso de cookies, scripts y web beacons<\/h2>\n<p>1. Los datos personales que recabamos cuando visita nuestro sitio web o utiliza nuestros servicios en l\u00ednea son la Direcci\u00f3n IP y cookies.<\/p>\n\n<p>2. OMNISOFT podr\u00e1 recabar datos personales por el uso de cookies y Web beacons. La p\u00e1gina de nuestro sitio Web utiliza cookies, los cuales son peque\u00f1os archivos de datos que se descargan autom\u00e1ticamente y son almacenados en la computadora del Usuario, las cuales graban sus datos personales cuando se conecta al sitio, entre ellos sus preferencias para la visualizaci\u00f3n de las p\u00e1ginas de este servidor, modific\u00e1ndose al abandonar el sitio y las cuales permiten obtener la informaci\u00f3n siguiente:<\/p>\n<ul>\n    <li>Navegador y sistema operativo del usuario.<\/li>\n    <li>P\u00e1ginas de internet que visita el usuario.<\/li>\n    <li>La fecha y hora de la \u00faltima vez que el usuario visit\u00f3 nuestro sitio Web.<\/li>\n    <li>El dise\u00f1o de contenidos o preferencias que el usuario escogi\u00f3 en su primera visita a nuestro sitio web.<\/li>\n    <li>Elementos de seguridad que intervienen en el control de acceso a las \u00e1reas restringidas.<\/li>\n    <li>Reconocer a los usuarios.<\/li>\n    <li>Detectar su ancho de banda.<\/li>\n    <li>Medir par\u00e1metros de tr\u00e1fico.<\/li>\n    <li>Su tipo de navegador y sistema operativo.<\/li>\n    <li>Las p\u00e1ginas de Internet que visita.<\/li>\n    <li>Los v\u00ednculos que sigue.<\/li>\n    <li>Su direcci\u00f3n IP.<\/li>\n    <li>El sitio web que lo dirigi\u00f3 al nuestro.<\/li>\n    <li>La resoluci\u00f3n de su monitor.<\/li>\n    <li>El comportamiento del usuario dentro del sitio web, incluyendo la forma en la que navega dentro de la p\u00e1gina, implicando clics y movimientos de mouse.<\/li>\n<\/ul>\n<p>3. Las cookies son an\u00f3nimas. El acceso a la informaci\u00f3n por medio de las cookies, permite ofrecer al Usuario un servicio personalizado, ya que almacenan no s\u00f3lo sus datos personales sino tambi\u00e9n la frecuencia de utilizaci\u00f3n del servicio y las secciones de la red visitadas, reflejando as\u00ed sus h\u00e1bitos y preferencias. Las redes publicitarias que insertan avisos en nuestras p\u00e1ginas pueden tambi\u00e9n utilizar sus propias cookies.<\/p>\n\n<p>4. El Usuario tiene la opci\u00f3n de impedir la generaci\u00f3n de cookies, mediante la selecci\u00f3n de la correspondiente opci\u00f3n en la configuraci\u00f3n de su navegador de Internet. Sin embargo OMNISOFT no se responsabiliza de la desactivaci\u00f3n de los mismos, ya que impedir\u00edan el buen funcionamiento del sitio web.<\/p>\n\n<p>5. As\u00ed mismo los scripts son piezas de c\u00f3digo que nos permiten obtener informaci\u00f3n como la direcci\u00f3n IP del usuario, duraci\u00f3n del tiempo de interacci\u00f3n en una p\u00e1gina y el tipo de navegador utilizado, entre otros.<\/p>\n\n<p>6. Por su parte, las web beacons son im\u00e1genes insertadas en una p\u00e1gina de Internet o correo electr\u00f3nico, que pueden ser utilizadas para monitorear el comportamiento de un visitante y las caracter\u00edsticas de su navegaci\u00f3n en nuestros sitios web.<\/p>\n\n<p>7. Estas cookies y otras tecnolog\u00edas pueden ser deshabilitadas. Para conocer c\u00f3mo hacerlo, consulte la documentaci\u00f3n de su navegador.<\/p>\n\n<h2>III. Finalidad del tratamiento de datos<\/h2>\n<p>1. Los datos personales que el cliente nos proporcione ser\u00e1n utilizados con fines comerciales para contactarlo y\/o enviarle informaci\u00f3n respecto de los servicios y\/o productos contratados, as\u00ed como con fines estad\u00edsticos sujetos a un proceso de disociaci\u00f3n.<\/p>\n\n<p>2. Los datos personales tambi\u00e9n son utilizados para realizar estudios internos sobre los datos demogr\u00e1ficos, intereses y comportamiento de los usuarios; con la finalidad de proporcionarles productos, servicios, contenidos y publicidad acordes a sus necesidades, as\u00ed como proporcionar notificaciones e informaci\u00f3n de manera confidencial sobre su servicio y contactar a los usuarios cuando sea necesario, por tel\u00e9fono o correo electr\u00f3nico en caso de que se requieran datos adicionales para completar alguna transacci\u00f3n.<\/p>\n\n<h2>IV. Transferencia de datos<\/h2>\n<p>1. OMNISOFT podr\u00e1 tratar los datos personales o los podr\u00e1 poner a disposici\u00f3n de terceros dentro o fuera del pa\u00eds, en este sentido, su informaci\u00f3n puede ser compartida a otros terceros a consecuencia de una relaci\u00f3n contractual o bien en aquellos casos en que la divulgaci\u00f3n sea necesaria para la eficaz operaci\u00f3n de los servicios proporcionados.<\/p>\n\n<p>2. Si usted no manifiesta oposici\u00f3n alguna por escrito para que sus datos sean tratados y\/o transferidos a terceros, se entender\u00e1 que ha otorgado su consentimiento para ello una vez que haya otorgado la aceptaci\u00f3n electr\u00f3nica y\/o al ingresar sus datos dentro del contenido y funciones del sitio o bien al comenzar a utilizar nuestros productos de software.<\/p>\n\n<p>3. OMNISOFT podr\u00e1 transmitir lo datos que recabe de sus clientes a cualquiera de las subsidiarias y\/o afiliadas y\/o socios de negocios y\/o terceros, quienes quedar\u00e1n obligadas a resguardar de forma confidencial y utilizar la informaci\u00f3n en t\u00e9rminos de este Aviso de Privacidad y por cualquiera de las razones previstas en la \"Ley\". OMNISOFT se reserva el derecho de transmitir los datos de sus clientes.<\/p>\n\n<p>4. En caso de vender o traspasar la totalidad o parte de su negocio y\/o activos, OMNISOFT le comunicar\u00e1 la obligaci\u00f3n al siguiente propietario para que utilice los datos de los clientes con apego a est\u00e9 Aviso de Privacidad, as\u00ed mismo le informar\u00e1 al titular que pretende transferir los datos a terceros. Si el titular no desea que sus datos sean transferidos al tercero deber\u00e1 manifestarlo al nuevo propietario.<\/p>\n\n<h2>V. Medios para ejercer los derechos de Acceso, Rectificaci\u00f3n, Cancelaci\u00f3n u Oposici\u00f3n (ARCO)<\/h2>\n<p>1. Tiene derecho a conocer qu\u00e9 datos personales tenemos de usted, para qu\u00e9 los utilizamos y las condiciones del uso que les damos (Acceso). Asimismo, es su derecho solicitar la correcci\u00f3n de su informaci\u00f3n personal en caso de que est\u00e9 desactualizada, sea inexacta o incompleta (Rectificaci\u00f3n); que la eliminemos de nuestros registros o bases de datos cuando considere que la misma no est\u00e1 siendo utilizada adecuadamente (Cancelaci\u00f3n); as\u00ed como oponerse al uso de sus datos personales para fines espec\u00edficos (Oposici\u00f3n).<\/p>\n\n<p>2. Todo cliente de OMNISOFT interesado en ejecutar los derechos ARCO previstos en la \"Ley\", podr\u00e1 hacerlo poni\u00e9ndose en contacto mediante correo electr\u00f3nico a la cuenta privacidad@omnisoft.com.mx. En caso de que OMNISOFT elimine los datos del titular previo a una solicitud, el primero se obliga a notificarle cuando quede lista la eliminaci\u00f3n de sus datos.<\/p>\n\n<p>3. Con relaci\u00f3n al procedimiento y requisitos para el ejercicio de sus derechos ARCO, le informamos lo siguiente:<\/p>\n<p>a) <i>\u00bfA trav\u00e9s de qu\u00e9 medios pueden acreditar su identidad el titular y, en su caso, su representante, as\u00ed como la personalidad de este \u00faltimo?<\/i><br\/> Con el original y copia de identificaci\u00f3n oficial vigente; en el caso de personas morales, se debe agregar original y copia del instrumento notarial en el que consten sus facultades.<\/p>\n    <p>b) <i>\u00bfQu\u00e9 informaci\u00f3n y\/o documentaci\u00f3n deber\u00e1 contener la solicitud?<\/i><br\/> Los pormenores respecto de los derechos ARCO, y la precisi\u00f3n o intenci\u00f3n que busca el titular, narrando con amplitud los hechos en que basa su pedido.<\/p>\n    <p>c) <i>\u00bfEn cu\u00e1ntos d\u00edas le daremos respuesta a su solicitud?<\/i><br\/> En diez d\u00edas h\u00e1biles.<\/p>\n    <p>d) <i>\u00bfPor qu\u00e9 medio le comunicaremos la respuesta a su solicitud?<\/i><br\/>Por correo electr\u00f3nico.<\/p>\n<p>4. Usted puede revocar el consentimiento que, en su caso, nos haya otorgado para el tratamiento de sus datos personales. Sin embargo, es importante que tenga en cuenta que no en todos los casos podremos atender su solicitud o concluir el uso de forma inmediata, ya que es posible que por alguna obligaci\u00f3n legal se requiera seguir tratando sus datos personales. Asimismo, usted deber\u00e1 considerar que para ciertos fines, la revocaci\u00f3n de su consentimiento implicar\u00e1 que no le podamos seguir prestando el servicio que nos solicit\u00f3, o la conclusi\u00f3n de su relaci\u00f3n con nosotros. En el caso de los correos de aviso comercial, ofertas y relacionados, que env\u00eda OMNISOFT a sus Usuarios, aparecer\u00e1 un mecanismo en la parte inferior del contenido del correo, en el que el usuario podr\u00e1 dar clic para ser eliminado de la lista de contacto, es necesario que el Usuario confirme que desea ser eliminado de la lista para poder completar la operaci\u00f3n.<\/p>\n\n<h2>VI. Cambios al Aviso de Privacidad<\/h2>\n<p>1. El presente aviso de privacidad puede sufrir modificaciones, cambios o actualizaciones derivadas de nuevos requerimientos legales; de nuestras propias necesidades por los productos o servicios que ofrecemos; de nuestras pr\u00e1cticas de privacidad; de cambios en nuestro modelo de negocio, o por otras causas.<\/p>\n\n<p>2. Cualquier cambio a este Aviso de Privacidad se har\u00e1 del conocimiento de los clientes de OMNISOFT que manden correo electr\u00f3nico a la siguiente direcci\u00f3n: privacidad@omnisoft.com.mx as\u00ed como publicarlo en nuestro portal de internet.<\/p>\n\n<p>3. Este aviso de privacidad, describe la Pol\u00edtica de Privacidad de OMNISOFT, el cual constituye un acuerdo v\u00e1lido entre el Usuario y OMNISOFT; si el Usuario utiliza los productos y\/o servicios de OMNISOFT significa que ha le\u00eddo, entendido, aceptado y consecuentemente acordado con OMNISOFT los t\u00e9rminos del aviso de privacidad antes expuestos. En caso de no estar de acuerdo con ellos, el Usuario <b>NO<\/b> deber\u00e1 proporcionar ninguna informaci\u00f3n personal, ni utilizar los productos y\/o servicios o cualquier informaci\u00f3n relacionada con los sitios web de OMNISOFT.<\/p>\n\n<h2>VII. Medidas t\u00e9cnicas de seguridad para la protecci\u00f3n de Datos<\/h2>\n<p>1. OMNISOFT deber\u00e1 proteger los Datos Personales contra p\u00e9rdida, uso indebido, destrucci\u00f3n, alteraci\u00f3n, acceso o divulgaci\u00f3n no autorizada. Para cumplir con lo anterior, se notifica al titular de los datos que OMNISOFT cuenta con medidas t\u00e9cnicas de seguridad para evitar la filtraci\u00f3n de informaci\u00f3n, entre ellas la utilizaci\u00f3n de cifrado de informaci\u00f3n garantizado mediante certificados SSL, as\u00ed mismo la implementaci\u00f3n de cortafuegos (firewalls) para evitar intrusiones, cabe destacar que el acceso a la informaci\u00f3n est\u00e1 protegido mediante credenciales de acceso.<\/p>\t\t\t\t<\/div>\n\t\t\t\t<\/div>\n\t\t\t\t<div class=\"elementor-element elementor-element-8bf87b0 elementor-widget-divider--view-line elementor-widget elementor-widget-divider\" data-id=\"8bf87b0\" data-element_type=\"widget\" data-widget_type=\"divider.default\">\n\t\t\t\t<div class=\"elementor-widget-container\">\n\t\t\t\t\t\t\t<div class=\"elementor-divider\">\n\t\t\t<span class=\"elementor-divider-separator\">\n\t\t\t\t\t\t<\/span>\n\t\t<\/div>\n\t\t\t\t\t\t<\/div>\n\t\t\t\t<\/div>\n\t\t\t\t<div class=\"elementor-element elementor-element-c79d7a6 elementor-widget elementor-widget-text-editor\" data-id=\"c79d7a6\" data-element_type=\"widget\" data-widget_type=\"text-editor.default\">\n\t\t\t\t<div class=\"elementor-widget-container\">\n\t\t\t\t\t\t\t\t\t<p>\u00daltima Actualizaci\u00f3n del Aviso de Privacidad: <b>25 de Febrero de 2025<\/b><\/p>\t\t\t\t\t\t\t\t<\/div>\n\t\t\t\t<\/div>\n\t\t\t\t\t<\/div>\n\t\t\t\t<\/div>\n\t\t\t\t<\/div>\n\t\t","protected":false},"excerpt":{"rendered":"<p>Aviso de Privacidad OmniSoft Technologies S. de R.L., y\/o cualquiera de sus subsidiarias y\/o afiliadas (OMNISOFT), con domicilio en Vasco de Gama 320, Colonia Centro, Aguascalientes, Aguascalientes, M\u00e9xico. C.P. 20000, en cumplimiento a lo establecido por la Ley Federal de Protecci\u00f3n de Datos personales en Posesi\u00f3n de los Particulares (Ley) [&hellip;]<\/p>\n","protected":false},"author":1,"featured_media":0,"parent":0,"menu_order":0,"comment_status":"closed","ping_status":"closed","template":"","meta":{"footnotes":""},"class_list":["post-2571","page","type-page","status-publish","hentry"],"_links":{"self":[{"href":"https:\/\/www.omnisoft.com.mx\/cms\/wp-json\/wp\/v2\/pages\/2571","targetHints":{"allow":["GET"]}}],"collection":[{"href":"https:\/\/www.omnisoft.com.mx\/cms\/wp-json\/wp\/v2\/pages"}],"about":[{"href":"https:\/\/www.omnisoft.com.mx\/cms\/wp-json\/wp\/v2\/types\/page"}],"author":[{"embeddable":true,"href":"https:\/\/www.omnisoft.com.mx\/cms\/wp-json\/wp\/v2\/users\/1"}],"replies":[{"embeddable":true,"href":"https:\/\/www.omnisoft.com.mx\/cms\/wp-json\/wp\/v2\/comments?post=2571"}],"version-history":[{"count":36,"href":"https:\/\/www.omnisoft.com.mx\/cms\/wp-json\/wp\/v2\/pages\/2571\/revisions"}],"predecessor-version":[{"id":3053,"href":"https:\/\/www.omnisoft.com.mx\/cms\/wp-json\/wp\/v2\/pages\/2571\/revisions\/3053"}],"wp:attachment":[{"href":"https:\/\/www.omnisoft.com.mx\/cms\/wp-json\/wp\/v2\/media?parent=2571"}],"curies":[{"name":"wp","href":"https:\/\/api.w.org\/{rel}","templated":true}]}}